-10) a prime number?
False
Suppose 5*l + 33 + 2 = 0. Let x(d) = -d**3 - 5*d**2 + 3*d + 9. Is x(l) a composite number?
True
Suppose -3*g = -5*y + 4, 3*g - 3*y + 2*y = 4. Suppose g*a - a - 50 = -5*n, -2*a = -n + 10. Is n prime?
False
Suppose 18*z - 12 = 21*z. Let b(w) = 93*w**2 - 1. Let i be b(1). Is z/1*i/(-16) prime?
True
Is (-4)/(3 + -11)*2762 a prime number?
True
Let a be (-9)/(-4) + (-2)/8. Suppose a*f = f + 5. Suppose -f*w - 3*z + 421 = 0, w - 73 = -0*z + 5*z. Is w a composite number?
False
Let o be -11*(0 + 2)*-8. Suppose -2*w = -0*w - o. Suppose 3*m - w = -m. Is m a prime number?
False
Let d(f) = -2*f + 131. Suppose 2*q - i = 3*q + 3, 0 = 2*q - 5*i - 15. Is d(q) a composite number?
False
Suppose 2*i + 776 = o, o - 5*i + 0*i - 791 = 0. Is o a composite number?
True
Let z = 16498 + -9959. Is z composite?
True
Let z(a) = 3*a**2 - 8*a - 2. Is z(7) a prime number?
True
Suppose 10359 = -16*p + 19*p. Is p composite?
True
Let c(m) = -697*m + 19. Is c(-4) a composite number?
True
Suppose p = -f - 3*p - 14, 4*f - p = 12. Let j be -1 - -4 - (-38)/f. Let x = j - -81. Is x a composite number?
False
Suppose 2*z - 4*z = 48. Let s = 305 - 438. Let h = z - s. Is h prime?
True
Let m(a) = -23*a**3 + 5*a**2 - 3*a + 1. Is m(-4) composite?
True
Suppose 2042 = 3*w + 5*s, -2*w - 2*w + 2761 = -s. Is w composite?
True
Suppose -7 + 27 = 4*l. Suppose -s - s = 4*g - 24, 5*g - 8 = 3*s. Suppose 179 = g*z - l. Is z prime?
False
Let f(t) = t**3 - 5*t**2 - 4*t - 13. Let v be f(6). Is (v/(-2))/((-4)/(-152)) a prime number?
True
Let z(n) = 98*n - 1. Let d be 1/(-4 - 52/(-12)). Is z(d) a composite number?
False
Suppose 168 = -3*w + 4*w. Let h = w + -115. Is h prime?
True
Let o be (-6)/(1 - -2) + 2. Suppose -7*d + 2*d - 30 = o. Is (3 + 2)*d/(-15) a composite number?
False
Let a(h) = -2*h**2 + 4*h + 4. Let d be a(5). Let b = 55 - d. Suppose 16 = -i + 3*t + b, 0 = -i + 2*t + 61. Is i a composite number?
False
Let y(u) = 77*u**2 - 9*u + 5. Is y(2) a prime number?
False
Let v(i) = -i**2 - 9*i + 14. Let k be v(-11). Let a = k - -45. Is a composite?
False
Let j(a) = 4*a**3 + 4*a - 3. Suppose 0 = 2*l, 0*s = 5*s - l. Let o be (-4 + s - -2) + 4. Is j(o) composite?
False
Suppose 0 = -3*i - 15, 2*i + 2*i + 25 = q. Suppose 2*t + 5*g + 135 = 0, g - 311 - 94 = q*t. Let x = -57 - t. Is x a composite number?
False
Suppose -7 = -2*u + 1, -4*a - 560 = -4*u. Let o be ((-6)/12)/(2/a). Let l = o - 20. Is l prime?
False
Let s = -52 - -213. Let y = 92 - 0. Let h = s - y. Is h prime?
False
Is 11597/7 - 14/(-49) a prime number?
True
Suppose x + 3*t = -0*t + 668, 4*x - 4*t = 2720. Is x composite?
False
Suppose 4*w - 180 = -2*u + 242, 0 = -5*u - 3*w + 1076. Is u a prime number?
False
Let s = -125 + 52. Let d = 20 - s. Is d composite?
True
Let d be (-4)/(-10) + (-348)/(-30). Suppose 5*u - d - 3 = 0, -3*f + 2*u = -225. Suppose -2*q = -r - 154, -q = -2*r - r - f. Is q a composite number?
True
Let v = -40 - -125. Suppose -v = -2*d + d. Is d composite?
True
Suppose 4*x - 8 = -4*l, 4*l + 2*x - 11 = -3. Let c be 1 + 4/2 + -3. Suppose c = -3*w + 4*a + 213, -4*w + 277 = -a - l*a. Is w a composite number?
False
Let n = 1623 - 418. Let w = n - 560. Suppose y = -2*y + w. Is y a prime number?
False
Is 2/(-4) - (114867/(-18) - 4) a prime number?
False
Let o = 6733 + -1226. Is o prime?
True
Suppose -8*x - 30 = -3*x. Let w(n) = -74*n + 1. Is w(x) a prime number?
False
Is 1/(1*2/422) composite?
False
Suppose v + v - 622 = -4*h, 4*h = -12. Suppose 22 = 3*t - v. Is t composite?
False
Let x = 431 - 94. Is x prime?
True
Let x = -306 + 623. Is x a prime number?
True
Let q = -369 + 1256. Is q prime?
True
Let h be ((-22)/5)/((-8)/(-760)). Let k = h + 709. Is k composite?
True
Let b be 2/(-3) - 402/18. Let o = 12 - b. Is o prime?
False
Let m(j) be the first derivative of 2*j**5/5 + j**4/12 + j**3/6 - 5*j**2/2 + 1. Let a(y) be the second derivative of m(y). Is a(-3) prime?
True
Suppose 5*x - 6533 = -4*w, 5*w = -3*x - x + 8173. Is w prime?
True
Suppose 0*x - 9 = -3*x. Suppose -z - x*z = -p - 16, z + 7 = 3*p. Suppose p*o - 44 = 16. Is o prime?
False
Let z = -49 - -88. Suppose z = 3*r + 5*m, -5*r + 6*m + 65 = m. Is r a composite number?
False
Let o = 4 - 5. Let y be -1 + -22 + 0/o. Let r = -9 - y. Is r composite?
True
Suppose -2*p = -11 - 87. Is p composite?
True
Suppose 2*d - 8*d = 24. Suppose -4*q = -7*q + 57. Let f = q - d. Is f a prime number?
True
Suppose 9*v = 4*v + 355. Is v composite?
False
Is (-244 - 7)/((1 + 0)/(-1)) composite?
False
Let y = -88 - -181. Is y a prime number?
False
Let s = 760 - 369. Is s prime?
False
Suppose -3*z - z + 8 = 0. Suppose -4 - z = -k. Is k prime?
False
Suppose -2*p - 4*b = 186 - 728, -3*p + 4*b + 773 = 0. Is p prime?
True
Let l = -1 + 3. Let b be l + -2 + (-4)/1. Is (-3)/((-6)/b) + 9 a composite number?
False
Let s = 14 - 1. Let f = 18 - s. Suppose 0 = -2*x - d + 103, f*x - 5*d = 443 - 163. Is x prime?
True
Let l = -21 + 12. Let t be 1 + 6*6/l. Is (-15*1)/(-4 - t) composite?
True
Suppose q = -19 + 4. Let g = 40 - q. Is g composite?
True
Is (2628/(-24))/((-1)/2) a prime number?
False
Suppose i = -3*i + 4*x + 12, 5*x = 2*i - 12. Is i*-3*(-4 + 3) prime?
True
Suppose 13 = 3*q - 2. Suppose 2*j - 10 = -3*j + q*t, -j - t = -2. Suppose -j*o - 2*g + 30 = 0, 45 = 4*o - 4*g - 47. Is o prime?
True
Let t(s) = -271*s + 38. Is t(-11) composite?
False
Suppose -5*p + 138 - 5608 = 3*d, 5*d = 5*p + 5430. Let u = p + 1724. Is u a prime number?
False
Suppose 0 = 3*c - 8*c. Let r = 2 + c. Suppose 0 = r*j - 198 - 68. Is j composite?
True
Suppose -4*o + 91 = -j, -4*j = -3*o + 2*o + 34. Is o a prime number?
False
Let o(t) = -t**2 - 4*t + 3. Let s be o(-4). Suppose s = -3*m + 4*m. Is -2 + m + -4 - -42 prime?
False
Suppose -2*x = 3*x - s + 41, -4*x - 4*s = 52. Is (-325)/(-7) + x/21 a prime number?
False
Suppose 11 - 196 = -5*b. Is b a composite number?
False
Let o(v) = v**2 + 13*v - 12. Let r be o(-14). Is r - 5 - (-116)/4 composite?
True
Suppose 0 = 2*s + 4*v - 10, -13 = -4*s - 4*v + 3. Suppose -s*a - 1 - 11 = 0. Is ((-102)/a + -2)*2 a composite number?
False
Let u(f) = 31*f - 12. Let z be u(6). Suppose 1478 = 4*w - z. Is w prime?
False
Let d be 6/(-9) - (-16)/6. Let o be 2/8 + 92/16. Is (-202)/(-3) - d/o a prime number?
True
Suppose -11*f + 295 = -6*f. Is f a composite number?
False
Let b(q) = -210*q + 1. Let k(u) = u**3 + u**2 - 1. Let w be k(0). Is b(w) a composite number?
False
Let h = 41 - 20. Suppose 16 = x - h. Is x prime?
True
Is (6618/9)/((-10)/(-15)) a composite number?
False
Let g(d) = 4*d + 0 + d - 6*d - d**2 + 7. Is g(0) prime?
True
Let w(m) = m**3 + 3*m**2 - 1. Let p be 5*2*(-1)/5. Let b be w(p). Is 446/b + (-2)/(-6) prime?
True
Let h(m) = m**2 + 3*m**2 + 1 + m - m**3 - 3 + 0*m**2. Let v be h(4). Suppose -v*z = -0*z - 30. Is z a prime number?
False
Suppose -w = w - 4*z - 2206, 0 = -2*w - 2*z + 2194. Is w composite?
True
Suppose 0 = j - r - 56, j + 108 = 3*j - 4*r. Is j prime?
False
Let f be (-11 + 7)*(-6)/8. Suppose 2*s - 3*n - 148 = 0, -3*n - 71 = -f*s + 2*s. Is s prime?
False
Let m = -592 - -1178. Is m a composite number?
True
Let k(m) = 20*m + 5. Is k(4) composite?
True
Suppose 0 = 4*t - 10*t + 3774. Is t composite?
True
Let k(y) = -30*y - 9. Let n(f) = 18*f + 4. Let x(a) = -a. Let m(i) = n(i) + 3*x(i). Let d(g) = -3*k(g) - 7*m(g). Is d(-4) prime?
True
Let s(d) = -d**3 + 6*d**2. Let c be s(6). Let q = 6 + c. Is -3*(-5)/q*38 a composite number?
True
Suppose -3*a = 2*m - 5*m - 480, 15 = 5*m. Is a a prime number?
True
Let j = 16 - 9. Suppose -3*q - j = -y, 0*q = -4*q + 2*y - 8. Is (-10)/(-4) + q/6 a prime number?
True
Let m(a) = 2*a**3 + a**2 + 5*a + 3. Let b be m(-3). Is -33*(-3)/((-27)/b) composite?
True
Let x(g) = -23*g + 12. Is x(-5) a prime number?
True
Let m(b) be the third derivative of -5*b**4/24 + 4*b**3/3 + 3*b**2. Is m(-9) a prime number?
True
Let k(w) = 4*w - 2. Let x be k(-4). Let g = 131 - x. Is g prime?
True
Let n = -150 + 404. Is n a composite number?
True
Suppose 4*y - 6*y - 8 = 0, -3*w = 5*y - 2035. Is w composite?
True
Let w be (-103)/3 - (-6)/(-9). Is 1112/14 - (-15)/w composite?
False
Let j = -367 - -248. Let c be (-2 - (2 - 2)) + 178. Let v = j + c. Is v composite?
True
Let y(o) = 10*o**2 - 28*o - 21. Is y(-22) composite?
True
Let n(z) = -2*z + z + z**2 + 2*z - z**3. Let h(j) =